t is the remainder when n is divided by 1?
0
Let p(u) = -u**3 + 9*u**2 - 5*u + 13. Let v be p(5). Suppose -3*d + 3*i + 45 = 0, 3*i = -3*d - d + v. What is the remainder when 92 is divided by d?
16
Let s = 390 + -270. Let k = -60 + s. Let b = -33 + k. What is the remainder when 53 is divided by b?
26
Suppose -6*y = 38*y - 132. Let n be (-13)/2 - (-1)/2. Let k = n + 9. Calculate the remainder when k is divided by y.
0
Calculate the remainder when 498 is divided by 9/(-3)*(-3100)/93.
98
Suppose -2*a + 0*a + 2 = 0. Let x = 14 - a. Let f = 114 - 77. Calculate the remainder when f is divided by x.
11
Let m = -8 - -6. Let u(g) = 2*g**2 - 124. What is the remainder when -19*((3 - 2) + m) is divided by u(-8)?
3
Let n(m) = -3*m - 9. Suppose -g + 3*i = -i - 14, i = -3*g + 16. Suppose 4*j = -2*v + 38, j - 32 = 5*v - g. What is the remainder when n(-10) is divided by j?
10
Let y(f) = -f**2 + 10 - f + 5 + 8*f. Calculate the remainder when 12 is divided by y(8).
5
Let o(x) = 16*x**2 + 24*x - 24. Calculate the remainder when 76 is divided by o(1).
12
Suppose -19*d + 1224 = -2*d. Calculate the remainder when d is divided by (-2)/(-2)*1*37.
35
Suppose -45*o = -43*o - 384. Suppose o = -2*s + 8*s. What is the remainder when 126 is divided by s?
30
Let k(s) = -s**3 - 16*s**2 - 15*s - 17. Let n be k(-15). Let o = -10 - n. What is the remainder when 12 is divided by o?
5
Let o(h) = -5*h - 80. Let q(w) = -w - 20. Let f(x) = 2*o(x) - 9*q(x). Calculate the remainder when f(-8) is divided by 11.
6
Let h(r) = -r**3 + 12*r**2 + 25*r - 62. Calculate the remainder when h(13) is divided by 7.
3
Let p = -16 + 36. What is the remainder when 58 is divided by (p/8)/(-1)*-6?
13
Let l(q) = 2*q**3 + 54*q**2 + 98*q - 23. Calculate the remainder when 67 is divided by l(-25).
13
Let k = -18 - -15. Calculate the remainder when -3*(2 - 1) + 64 is divided by (-1)/(k/96 + 0).
29
Suppose -3*l = 2*l + 530. Let c = -50 - l. What is the remainder when c is divided by 15?
11
Let o(l) = l**2 + 2*l - 2. Let q be o(-3). Let n(d) = 10*d**2 + 29 - 6 - 13 + d - 11. What is the remainder when 17 is divided by n(q)?
7
Let a be 1 - (-14 + -2 + 2). Suppose 5*k = 25, 12 = q + 5*k - a. Suppose -q*o + 0*o = -10. What is the remainder when 17 is divided by o?
2
Suppose -3*p + 282 = -165. Calculate the remainder when p is divided by 76.
73
Suppose -5*d = -10*d - 465. Let n = d - -161. What is the remainder when n is divided by 24?
20
Let z(t) = t**3 + 6*t**2 + 4*t + 4. Let y be 1 - (1/(-4) + (-168)/(-32)). Let v(f) = -59*f. What is the remainder when v(-1) is divided by z(y)?
19
Let d(k) = 2*k - 2. Let p be d(7). Suppose p = -0*s + 4*s. Suppose 0*t + s*t - 84 = 0. Calculate the remainder when t is divided by 16.
12
Let h = 19 - 16. Suppose -3*y = h*y - 1926. Suppose -y = -4*l - 13. Calculate the remainder when l is divided by 20.
17
Let f(i) = i**3 + 11*i**2 - i - 2. Let b = 9 - 8. Let k = -10 - b. Calculate the remainder when f(k) is divided by 3.
0
Calculate the remainder when 338 is divided by -1 + 5*116*4/40.
53
Suppose -g - 3*q = -27, 0 = -7*g + 3*g - 5*q + 73. Suppose -2*k - 2 = -4. What is the remainder when k + 0 + 0 + 46 is divided by g?
11
Suppose 0 = 9*w - 215 - 136. Calculate the remainder when 155 is divided by w.
38
Let u(z) = -3*z**3 + 3*z**2 - 13*z - 48. What is the remainder when u(-5) is divided by 119?
110
Let p be (-28)/(-42) + 4/3. Suppose -2*b = -n + 17, 0*n + p*b - 58 = -4*n. Calculate the remainder when 72 is divided by n.
12
Let x be (-5 - 0)/((-10)/10). Suppose g - 21 = 4*u, 2*g - 9 - 33 = x*u. What is the remainder when 81 is divided by g?
18
Suppose 2*a - 28 = -5*z + 2*z, -5*a = 5*z - 55. Let k(u) = u**3 - 8 + u + z*u - 1 + 10*u**2 + u. Calculate the remainder when k(-8) is divided by 19.
17
Let o(s) = -s**2 - 13*s - 14. Let k be o(-10). Calculate the remainder when (55/2)/(8/k) is divided by 14.
13
Let p = -1248 + 1406. Calculate the remainder when p is divided by 24.
14
Let o(w) = -2*w**3 + 15*w**2 - 6*w - 9. Let a be o(7). Calculate the remainder when 362/7 - (-4)/14 is divided by (90/(-35))/(a/14).
16
Suppose -88 = -4*w - 0*w. What is the remainder when w is divided by (-2)/((-1)/(1 - -1))?
2
Let b(g) = 10*g - 3. Let r be (-3)/((-15)/(-20)) - -8. Suppose 117 + 143 = r*m. Calculate the remainder when m is divided by b(2).
14
Suppose 3*v - 2*s = 56, 1 = -4*s + 3*s. What is the remainder when v is divided by 10?
8
Suppose -k + 4*g + 11 = 0, -4*k + 10*g + 114 = 8*g. Calculate the remainder when 92 is divided by k.
30
Calculate the remainder when (2/4)/((-43)/(-3526)) is divided by 22.
19
Let u be (1 + 2 - -2)*1. Suppose -5*o - 4*d + 185 = 0, -d - d = u*o - 195. Calculate the remainder when 78 is divided by o.
37
Suppose -5*k = 3*r - 8*r + 100, -5*k = 3*r - 76. Let b = 1155 - 1068. What is the remainder when b is divided by r?
21
Let d = 119 + -114. Let z be (10/(-6) + 0)*-15. Suppose 35 + z = d*f. Calculate the remainder when f is divided by 7.
5
Let j = 2003 + -1872. What is the remainder when j is divided by 6?
5
Suppose -86 = -5*h + 3*f, 2*f + 72 = 3*h + 7*f. Calculate the remainder when 34 is divided by h.
15
Suppose -18*x + 55 = 5*m - 13*x, 4*m - x - 34 = 0. Calculate the remainder when 377 is divided by m.
8
Suppose 2*m - m - 7 = 0. Suppose 0 = -p + m*p + 72. Let f = 125 + p. What is the remainder when f is divided by 29?
26
Suppose -2*z = -2*v - 92, 4*z + 2*v - 155 = 53. Suppose 4*u + 3*y - 64 = -y, 4*u - z = 3*y. Calculate the remainder when u is divided by 11.
3
Let a = 14 - 12. Suppose -3*q = a*s - 4*s - 100, q - s = 34. Calculate the remainder when q is divided by 12.
8
Suppose 4*w + 2*l - 198 = 0, -2*w + l + 0*l + 109 = 0. What is the remainder when 519 is divided by w?
51
Suppose -460 = -43*s + 23*s. What is the remainder when 41 is divided by s?
18
Let p be ((-11)/(-4) - 3)*(-3 - -3). Suppose h - 4*c - 114 = p, 0 = 2*h - c - c - 246. What is the remainder when h is divided by 32?
30
Let o(b) = 2*b**3 + 4*b**2 - 8*b - 13. Let s be o(-3). Let m(c) = -c**3 - 8*c**2 - 15*c - 6. Calculate the remainder when 198 is divided by m(s).
48
Let m = 1458 - 1444. What is the remainder when 50 is divided by m?
8
Suppose -7*q - 24 = -19*q. What is the remainder when (8 - 7)/(q - (-291)/(-147)) is divided by 25?
24
Let m(y) = 8*y**2 - 6*y + 2. What is the remainder when 85 is divided by m(2)?
19
Let l = 6 - 10. Let o be (36/(-21))/(l/14). Let z = 0 + o. Calculate the remainder when 11 is divided by z.
5
Let a(n) = -6*n + 29. Let r be a(8). Let w = r - -37. Calculate the remainder when 35 is divided by w.
17
Suppose 901 = 3*w - 0*w + 2*d, w - 301 = -d. Calculate the remainder when w is divided by 50.
49
What is the remainder when (6 + 364/(-20))/((-9)/135) is divided by 50?
33
Suppose 0 = -q - 19 + 3. Calculate the remainder when (q/48)/(1/(-237)) is divided by 14.
9
Let i(p) = -2*p**2 + 31*p + 24. Let c(h) = h + 1. Let a(f) = -4*c(f) + i(f). What is the remainder when 31/2 + 1/(-2) is divided by a(14)?
3
Suppose 3960 = 17*x + 38*x. What is the remainder when x is divided by -1 - (-3 - (14 + -1))?
12
Suppose -f + 4*n = -1, 78*n - 80*n = -2*f + 20. What is the remainder when 35 is divided by f?
9
Let p be ((-25)/15)/(5/(-6)). Suppose -p*j + 127 = -4*g - 45, 121 = j + 5*g. What is the remainder when j is divided by 7?
5
Suppose 52*q = 54*q - 128. Let x = q + -49. Calculate the remainder when 39 is divided by x.
9
Let j = 6 - 1. Suppose j*m + 37 = -3*w + 174, 2*w = m - 30. Calculate the remainder when m is divided by 11.
6
Let g(t) = 2*t + 5. Let s be g(-5). Let o(w) = -8*w - 9. What is the remainder when 91 is divided by o(s)?
29
Suppose d + 3*k - 1167 = -172, -4*d + 2*k + 4036 = 0. Calculate the remainder when d is divided by 56.
55
Calculate the remainder when 17*16/12*3 is divided by 42.
26
Let q = 232 + -147. Calculate the remainder when q is divided by 29.
27
Let y(c) = -c**3 + 7*c**2 - 8*c. Let i be y(6). Let o = 6 - i. Calculate the remainder when -1 + (6 - (-168)/6) is divided by o.
15
Suppose -5*b + h = -114 + 14, b - 20 = -5*h. Suppose 0 = -4*o + b + 44. What is the remainder when 26 is divided by o?
10
Suppose -4*n - 4 = -0*n, -2*z + 4*n + 14 = 0. Suppose 0 = z*i - 76 - 29. Calculate the remainder when 62 is divided by i.
20
Suppose -20*p = -11*p - 36. Calculate the rema